or of w and c.
19
Suppose -i + 3 = -7. Calculate the greatest common factor of 90 and i.
10
Let z = -77 + 140. Calculate the highest common factor of z and 9.
9
Suppose 168 + 318 = 3*q - 3*j, 0 = q + 4*j - 177. Let s = 11 - 7. Suppose -s*b + q = -123. Calculate the greatest common factor of 8 and b.
8
Suppose -3*n = n - 24. Let b(q) = -q**3 + 5*q**2 + 9*q - 2. Let k be b(n). What is the greatest common divisor of 144 and k?
16
Let d = 339 - 197. Let n = d - 28. Calculate the greatest common factor of 38 and n.
38
Let v = 52 + -31. Calculate the highest common factor of v and 63.
21
Let a(t) = 2*t**2 + 3*t - 3. Let c be a(-3). Suppose -34 = -5*z + 4*y, 4*z - c - 15 = -3*y. Calculate the highest common divisor of 48 and z.
6
Suppose 3 = 3*g - 6. Let a = -3 + 8. Suppose a*f = 3*f + 18. Calculate the greatest common divisor of g and f.
3
Let p be 7784/24 - (-1)/(-3). Calculate the greatest common factor of p and 36.
36
Suppose 15*a = 12*a + 63. Calculate the greatest common divisor of 7 and a.
7
Let s(a) = 9*a**2 - 2*a - 1. Let l be s(-1). Calculate the highest common factor of 20 and l.
10
Suppose 5*l + 0*l - 45 = 0. Let x = 11 + l. Suppose 3*v - s - 19 - x = 0, -51 = -5*v - 3*s. What is the greatest common divisor of 60 and v?
12
Suppose -l + 14 + 7 = 0. What is the greatest common divisor of l and 3?
3
Suppose 2*c - 172 = -2*c. Let o = 11 + -4. Suppose -c = -4*r - 3*a, 4*a = r + 1 - o. What is the highest common divisor of r and 1?
1
Suppose -2*g + 4*c = -40, 4*c = -0*c - 12. Calculate the greatest common divisor of 2 and g.
2
Let x(o) = 2*o + 7. Let s be x(-4). Let p be (-56)/(0 + s + 0). Calculate the greatest common divisor of p and 8.
8
Suppose 2*z + 2*a = 7*a + 42, 4*z = -5*a + 114. Let q be 1/(100/34 + -3). Let s = 56 + q. Calculate the highest common factor of s and z.
13
Let m be (-36)/(-1)*10/4. Let v be (-3 + 20/8)*-36. What is the greatest common factor of m and v?
18
Suppose 2*o = 58 - 18. What is the greatest common divisor of o and 10?
10
Suppose -3*q + 4*o + 84 = -q, 3*q = 2*o + 130. Suppose y - 3*k - q = k, -3*k + 55 = 2*y. What is the highest common divisor of 8 and y?
8
Let z be (34 + -27)/((-2)/(-34)). Calculate the highest common factor of z and 17.
17
Let f = 2 - -11. Let y = 26 + -13. Calculate the highest common factor of f and y.
13
Suppose 4*b - 27 = 3*n - 2, -5*b - 3*n + 11 = 0. Calculate the highest common divisor of 44 and b.
4
Let x be (-3)/6*2*22. Let w = -5 - x. Suppose 2*u - 1 = -j + w, 20 = 5*u. Calculate the highest common divisor of 4 and j.
2
Suppose -2 + 3 = n. Let i(a) = -a**2 - 6*a - 4. Let x be i(-4). Let g be (21/6)/(2/x). Calculate the highest common factor of n and g.
1
Suppose -110 = 2*l - 3*l. Calculate the highest common factor of l and 22.
22
Let v be 0*(-1)/3 + 2. Let l = 15 + -7. What is the highest common factor of v and l?
2
Let y be (1 - (-2)/2)/(-7 - -9). What is the highest common divisor of 2 and y?
1
Let y(z) = 23*z**2 - 1. Let w be y(-2). Let n be (-12)/(-18) + 46/(-6). Let r(p) = -p + 6. Let j be r(n). What is the greatest common factor of j and w?
13
Let z = -328 - -461. Calculate the greatest common divisor of z and 7.
7
Suppose 0 = -2*t + 4*t - 6. Let w = t - 1. What is the highest common divisor of 1 and w?
1
Let l(f) = -f - 2. Let a be l(-5). Suppose -a*t + 3 = -21. Suppose 150 = 4*i - 10. Calculate the greatest common divisor of t and i.
8
Suppose 8*c = 13*c - 50. Calculate the greatest common divisor of c and 10.
10
Let c(k) = -67*k**3 - k**2 - 3*k - 3. Let r be c(-1). What is the greatest common factor of 12 and r?
6
Suppose -3*i = 2*i - 35. Calculate the highest common factor of i and 28.
7
Let l(w) = w**3 - 3*w**2 - 2*w - 5. Let t be l(4). Suppose -2*m + t*m - 120 = 0. Calculate the greatest common factor of 15 and m.
15
Suppose -2*d + 24 + 272 = 0. Let j = d - 77. Let k = -23 + j. What is the greatest common divisor of k and 12?
12
Let t(u) = u**3 - 5*u**2 + 6*u - 4. Let q be t(4). Suppose q*n - 3*a - 72 = n, n + 4*a = 24. Calculate the highest common factor of 6 and n.
6
Suppose 5*a - 62 = -w, 3*a - 3*w = -0*a + 30. Let x = -3 + 3. Let b = x + 3. What is the highest common factor of b and a?
3
Suppose -3*v + 2 = w - 8, 0 = v - 2*w + 6. Calculate the greatest common divisor of v and 1.
1
Let y = -10 + 13. Suppose -o - 46 = -y*z, 0*o + 44 = 3*z + o. Calculate the highest common factor of z and 60.
15
Suppose -167 - 137 = 4*o. Let s = -36 - o. Let w(r) = r**2 + 25*r - 49. Let u be w(-27). Calculate the highest common divisor of s and u.
5
Let x = 120 + -84. Let s(b) = 10*b**2 - b. Suppose -4*t = -3*d - 16, 7 = -4*d - 9. Let l be s(t). What is the greatest common divisor of l and x?
9
Suppose -5*x = -0*x - 65. What is the greatest common divisor of x and 52?
13
Suppose 5*f + 6 = -19. Suppose 0*i = -4*i + 12. Let j be (i + f)*9/(-2). Calculate the greatest common factor of 9 and j.
9
Let j be 2 - 3/((-9)/24). Let b = j + -4. Calculate the highest common factor of 42 and b.
6
Let h(b) = b**2 - 5*b. Let n be h(5). Suppose n = j + 2*a - 46, 4*j + 3*a = 4*a + 211. Calculate the greatest common divisor of 26 and j.
26
Let i = -7 + 8. Calculate the highest common divisor of 2 and i.
1
Let c(f) = 2*f**2 - 11*f - 4. Let x be c(6). Suppose 5*s + 120 = 5*h + x*s, -24 = -h - 5*s. Calculate the greatest common factor of h and 168.
24
Suppose 0 = -5*i + 3*l + 692, 3*i + 0*l = -5*l + 388. What is the highest common factor of i and 34?
34
Let b = 82 - -50. Calculate the highest common factor of 33 and b.
33
Let t(l) = 254*l**2 + l + 2. Let k be t(-1). Suppose -k = c - 4*c. Calculate the greatest common factor of 34 and c.
17
Let z = -29 + 49. Calculate the highest common factor of 40 and z.
20
Let h be (4/6)/((-8)/36) - -42. Calculate the greatest common factor of h and 234.
39
Suppose -s - 6 = -2*s. What is the greatest common divisor of s and 24?
6
Let p be 2*(1 - 0) + 19 + 0. Suppose -2*j + 272 = -190. What is the highest common factor of j and p?
21
Let s(r) = 13*r**2 + 4*r - 4. Let p be s(2). Calculate the highest common divisor of p and 14.
14
Suppose 0 = -4*p - 4*o + 28, 0*p + 4*o = p + 3. Suppose -45 = -0*c - p*c. Let k = 3 + 6. What is the highest common factor of k and c?
9
Let r = 5 - 3. Suppose -5*v + 3*a + 25 = 0, 2*v - 3*a = r*a + 10. Suppose 3*g = -g, t - v*g = 5. What is the highest common factor of 35 and t?
5
Suppose 0*p - 92 = -p. Suppose -4*v + 2*h = -398, -3 = -v - 4*h + p. Let c(x) = -x**2 + 5*x + 3. Let g be c(3). Calculate the highest common divisor of g and v.
9
Let y = -263 - -416. Calculate the greatest common factor of y and 17.
17
Let b be 98 + (2/(-2) - 1). Suppose -4*f - 2*a + b = 2*a, -15 = 5*a. Calculate the greatest common divisor of f and 3.
3
Let r(t) = 8*t - 28. Let x be r(6). Calculate the greatest common divisor of 5 and x.
5
Suppose -1362 = -5*g - 102. Calculate the greatest common factor of 36 and g.
36
Suppose 2*h + 2 = -4, -4*d + 47 = -5*h. What is the highest common divisor of 128 and d?
8
Suppose 0 = -29*i + 25*i + 16. Let v be (7 + -17)/(1*-1). What is the highest common factor of i and v?
2
Let r(b) = -b**2 - 14*b + 13. Let g be r(-14). Calculate the highest common divisor of 1 and g.
1
Suppose 0*k = 3*k - 39. Let y(s) = -3*s**2 + 3*s. Let f be y(2). Let c be 147/6 + (-9)/f. Calculate the highest common divisor of c and k.
13
Suppose -t = 4*r - 15, -t = -r - 5 - 5. Let s = 25 - t. Suppose 4*p = 5*y + 640, 2 = 4*y - s. What is the greatest common divisor of p and 15?
15
Let d = 5 - 5. Let w be -1*(d + -3 + 2). Suppose -5*f + 0*f + 14 = 2*q, -q + 10 = 4*f. What is the highest common divisor of w and q?
1
Let f = -15 - -21. Let v = 21 - f. Calculate the greatest common factor of v and 5.
5
Let m be 6/10 - (-846)/15. Suppose 3*o + 2*p - m = -3, -o + 5*p + 1 = 0. What is the greatest common factor of 24 and o?
8
Suppose -c - 3*c + 102 = 2*u, 0 = 2*c + 5*u - 71. Calculate the greatest common factor of c and 207.
23
Suppose a - 68 = -3*a. Let i be 1792/21 - 5/45*3. Calculate the highest common factor of a and i.
17
Suppose p - 29 = -0*p. Let f = p - 18. Let m be (8/(-10))/(1/(-55)). What is the highest common factor of f and m?
11
Let x(r) = 3*r + 4. Let s be x(4). Suppose 3*d - d - s = 0. What is the greatest common factor of 16 and d?
8
Let j = -32 